alculate the remainder when 56322 is divided by 11263.
7
Calculate the remainder when 73571 is divided by 18378.
59
Calculate the remainder when 298169 is divided by 463.
460
What is the remainder when 47709 is divided by 168?
165
Calculate the remainder when 55607 is divided by 662.
661
What is the remainder when 130789 is divided by 2972?
21
Calculate the remainder when 2598 is divided by 2384.
214
Calculate the remainder when 1038 is divided by 993.
45
What is the remainder when 49320 is divided by 21?
12
What is the remainder when 4340 is divided by 361?
8
What is the remainder when 18530 is divided by 9147?
236
What is the remainder when 7459 is divided by 66?
1
What is the remainder when 43457 is divided by 989?
930
Calculate the remainder when 16038 is divided by 255.
228
Calculate the remainder when 15244 is divided by 154.
152
What is the remainder when 91261 is divided by 861?
856
Calculate the remainder when 16630 is divided by 16619.
11
Calculate the remainder when 3426 is divided by 178.
44
What is the remainder when 10862 is divided by 993?
932
Calculate the remainder when 12627 is divided by 3022.
539
What is the remainder when 212 is divided by 154?
58
Calculate the remainder when 789 is divided by 211.
156
What is the remainder when 32359 is divided by 8087?
11
What is the remainder when 3047 is divided by 337?
14
Calculate the remainder when 14168 is divided by 428.
44
Calculate the remainder when 293029 is divided by 264.
253
What is the remainder when 8621 is divided by 1392?
269
Calculate the remainder when 2182 is divided by 687.
121
Calculate the remainder when 63297 is divided by 31644.
9
What is the remainder when 9005 is divided by 105?
80
What is the remainder when 5684 is divided by 299?
3
What is the remainder when 2059334 is divided by 45?
44
Calculate the remainder when 3928 is divided by 156.
28
What is the remainder when 10298 is divided by 3425?
23
What is the remainder when 14976 is divided by 84?
24
What is the remainder when 2556 is divided by 422?
24
What is the remainder when 1513238 is divided by 54?
50
Calculate the remainder when 76851 is divided by 985.
21
Calculate the remainder when 15786 is divided by 95.
16
What is the remainder when 988524 is divided by 494258?
8
What is the remainder when 2618 is divided by 712?
482
Calculate the remainder when 67254 is divided by 141.
138
Calculate the remainder when 402268 is divided by 1734.
1714
What is the remainder when 34419 is divided by 17?
11
Calculate the remainder when 1298233 is divided by 15.
13
What is the remainder when 11321 is divided by 471?
17
What is the remainder when 24399 is divided by 23?
19
Calculate the remainder when 172083 is divided by 21510.
3
Calculate the remainder when 22590 is divided by 7490.
120
Calculate the remainder when 7212 is divided by 452.
432
Calculate the remainder when 7421 is divided by 47.
42
What is the remainder when 64541 is divided by 205?
171
What is the remainder when 14355 is divided by 356?
115
What is the remainder when 2983 is divided by 426?
1
What is the remainder when 17249 is divided by 150?
149
What is the remainder when 99374 is divided by 99374?
0
What is the remainder when 78747 is divided by 315?
312
Calculate the remainder when 166416 is divided by 451.
448
Calculate the remainder when 203223 is divided by 67739.
6
What is the remainder when 3635 is divided by 70?
65
What is the remainder when 7339 is divided by 30?
19
What is the remainder when 1552817 is divided by 20?
17
What is the remainder when 3560 is divided by 170?
160
Calculate the remainder when 9161 is divided by 704.
9
Calculate the remainder when 20274 is divided by 137.
135
What is the remainder when 438155 is divided by 289?
31
What is the remainder when 64471 is divided by 21471?
58
What is the remainder when 11571 is divided by 22?
21
What is the remainder when 20959 is divided by 3459?
205
What is the remainder when 826 is divided by 100?
26
What is the remainder when 90018 is divided by 69?
42
What is the remainder when 40425 is divided by 34?
33
Calculate the remainder when 129900 is divided by 838.
10
Calculate the remainder when 19175 is divided by 15.
5
What is the remainder when 2784 is divided by 120?
24
What is the remainder when 10203 is divided by 135?
78
Calculate the remainder when 35463 is divided by 1478.
1469
What is the remainder when 201133 is divided by 191?
10
Calculate the remainder when 102798 is divided by 2778.
12
What is the remainder when 1953665 is divided by 395?
390
What is the remainder when 273273 is divided by 38?
15
Calculate the remainder when 408158 is divided by 136049.
11
Calculate the remainder when 32702 is divided by 11.
10
What is the remainder when 21774 is divided by 57?
0
What is the remainder when 2088997 is divided by 50?
47
Calculate the remainder when 21877 is divided by 684.
673
Calculate the remainder when 15565 is divided by 7.
4
Calculate the remainder when 9214 is divided by 149.
125
Calculate the remainder when 19434 is divided by 1030.
894
Calculate the remainder when 327953 is divided by 6073.
11
Calculate the remainder when 1447 is divided by 242.
237
What is the remainder when 10559 is divided by 5270?
19
What is the remainder when 3368 is divided by 1678?
12
What is the remainder when 6393 is divided by 544?
409
What is the remainder when 18829 is divided by 14?
13
Calculate the remainder when 5816 is divided by 85.
36
What is the remainder when 9111 is divided by 2233?
179
What is the remainder when 482 is divided by 242?
240
What is the remainder when 22043 is divided by 314?
63
Calculate the remainder when 16760 is divided by 16702.
58
Calculate the remainder when 7381 is divided by 528.
517
What is the remainder when 5106 is divided by 24?
18
Calculate the remainder when 6765 is divided by 1689.
9
Calculate the remainder when 28721 is divided by 1914.
11
What is the remainder when 8891 is divided by 1220?
351
What is the remainder when 2257 is divided by 747?
16
Calculate the remainder when 869051 is divided by 13370.
1
Calculate the remainder when 17745 is divided by 18.
15
What is the remainder when 28276 is divided by 345?
331
What is the remainder when 451 is divided by 106?
27
Calculate the remainder when 38481 is divided by 2740.
121
What is the remainder when 3944 is divided by 655?
14
What is the remainder when 33745 is divided by 25?
20
What is the remainder when 437577 is divided by 9?
6
What is the remainder when 510 is divided by 56?
6
What is the remainder when 2842 is divided by 2718?
124
What is the remainder when 172871 is divided by 49?
48
Calculate the remainder when 9038 is divided by 9032.
6
Calculate the remainder when 14358 is divided by 126.
120
What is the remainder when 15886 is divided by 1318?
70
What is the remainder when 7350 is divided by 28?
14
Calculate the remainder when 124757 is divided by 8.
5
Calculate the remainder when 39623 is divided by 4.
3
What is the remainder when 7725 is divided by 1058?
319
What is the remainder when 487822 is divided by 67?
62
Calculate the remainder when 1026170 is divided by 11.
2
Calculate the remainder when 6788 is divided by 219.
218
What is the remainder when 2408 is divided by 1090?
228
Calculate the remainder when 56622 is divided by 6283.
75
What is the remainder when 460745 is divided by 537?
536
Calculate the remainder when 94878 is divided by 16.
14
Calculate the remainder when 260 is divided by 83.
11
What is the remainder when 8460 is divided by 465?
90
Calculate the remainder when 42550 is divided by 88.
46
What is the remainder when 15850 is divided by 7920?
10
What is the remainder when 6011 is divided by 1456?
187
Calculate the remainder when 70541 is divided by 3918.
17
Calculate the remainder when 434060 is divided by 9.
8
What is the remainder when 65496 is divided by 16370?
16
What is the remainder when 6811 is divided by 64?
27
Calculate the remainder when 21212 is divided by 1060.
12
What is the remainder when 657188 is divided by 137?
136
What is the remainder when 39442 is divided by 303?
52
What is the remainder when 37582 is divided by 144?
142
What is the remainder when 20711 is divided by 2054?
171
Calculate the remainder when 5131 is divided by 322.
301
Calculate t